ate z(-5).
-33
Let w(b) = 2*b**3 - 69*b**2 + 53*b - 604. Give w(34).
42
Let d(s) = -2*s**2 + 86*s - 12. Give d(30).
768
Let o(l) = -21*l + 3. Calculate o(1).
-18
Let d(l) = 8*l - 6. What is d(7)?
50
Let v(q) = -q**3 + 29*q**2 - 101*q + 6. What is v(25)?
-19
Let i(o) = 30*o**3 - 1772*o**2 + 116*o + 102. What is i(59)?
-16
Let n(q) = -2803*q - 61663. What is n(-22)?
3
Let c(m) = 86*m - 71. Give c(-2).
-243
Let u(d) = -d**3 + 2*d**2 + 131*d - 133. Calculate u(-11).
-1
Let z(p) = p**2 + 1907*p + 342910. Calculate z(-201).
4
Let j(t) = 2*t**3 - 12*t**2 + 37*t - 15. What is j(6)?
207
Let l(a) = -21*a**2 + 1031*a - 90. Determine l(49).
8
Let w(z) = -136*z - 818. Calculate w(-6).
-2
Let i(m) = -2*m**2 - 23*m. Determine i(-10).
30
Let x(o) = -o**3 + 11*o**2 - 6*o - 5. Give x(3).
49
Let s(w) = w**3 - 28*w**2 - 68*w - 1. What is s(30)?
-241
Let v(b) = -b**2 + 176*b + 10749. What is v(-48)?
-3
Let k(g) = -63*g - 7. Determine k(1).
-70
Let n(m) = 88*m - 1235. What is n(14)?
-3
Let a(r) = 2*r**2 - 30*r + 60. Determine a(9).
-48
Let f(b) = 763*b + 5286. Calculate f(-7).
-55
Let y(g) = g**2 + 103*g - 10058. What is y(61)?
-54
Let q(y) = -y**3 + 36*y**2 + 15*y - 507. Give q(36).
33
Let w(r) = -373*r - 5202. What is w(-14)?
20
Let s(y) = -541*y - 24345. Determine s(-45).
0
Let w(m) = -2*m**2 - 276*m + 1428. Give w(5).
-2
Let b(k) = -213*k - 40245. What is b(-189)?
12
Let r(s) = 51*s**3 + s**2 + 11*s - 13. Determine r(1).
50
Let v(w) = -w**2 + 279*w - 1635. Determine v(6).
3
Let a(t) = -16*t**2 - 83*t + 312. Give a(-7).
109
Let y(o) = 4*o**2 + 356*o + 1375. Give y(-85).
15
Let q(c) = -2*c**2 + 104*c - 680. Give q(36).
472
Let p(n) = 414*n**2 - 2484*n + 2. Determine p(6).
2
Let i(n) = -9*n**2 - 269*n + 23. Determine i(-30).
-7
Let v(x) = 85*x**2 + 174*x - 3. Determine v(-2).
-11
Let d(a) = -180*a - 12060. Determine d(-67).
0
Let z(x) = -183*x + 5300. Determine z(29).
-7
Let r(t) = 2*t**2 - 171*t + 2109. Give r(15).
-6
Let p(c) = -c**3 - 40*c**2 - 172*c + 59. Determine p(-35).
-46
Let p(x) = -127*x - 18548. Calculate p(-146).
-6
Let c(v) = -v**3 + 119*v**2 - 347*v - 121. Determine c(116).
-5
Let o(t) = t**3 - 98*t**2 + 97*t + 24. What is o(97)?
24
Let p(h) = 24*h**3 - 3*h**2 - 2*h. Give p(-1).
-25
Let d(i) = -i**3 + 34*i**2 + 42*i - 236. Calculate d(35).
9
Let p(w) = 2*w**2 - 136*w + 1716. Give p(51).
-18
Let p(w) = 7*w**3 + 5*w**2 + 8*w + 21. Give p(-3).
-147
Let k(h) = -h**3 + 96*h**2 + 2*h - 125. Calculate k(96).
67
Let a(x) = x**3 + 45*x**2 - 362*x - 12. What is a(7)?
2
Let x(h) = 3*h**2 - 26*h - 53. Calculate x(11).
24
Let i(o) = -351*o - 43186. Calculate i(-123).
-13
Let h(w) = 306*w + 418. Give h(-3).
-500
Let m(b) = 2*b**3 + 8*b**2 - 24*b - 82. Calculate m(-5).
-12
Let y(o) = -3*o**2 + 218*o + 402. Give y(74).
106
Let d(c) = 54*c + 705. Give d(-17).
-213
Let h(u) = 1285*u - 10271. Determine h(8).
9
Let t(j) = j**3 + 42*j**2 - 229*j + 301. Determine t(-47).
19
Let l(z) = z**3 - 44*z**2 - 142*z + 312. What is l(47)?
265
Let x(t) = t**3 - 134*t**2 + 146*t - 1779. Calculate x(133).
-50
Let d(z) = z**3 - 18*z**2 + 9*z + 258. Determine d(17).
122
Let x(p) = 11*p**3 - 58*p**2 + 184*p - 6. Calculate x(3).
321
Let y(s) = -2*s**2 - 27*s + 9. Calculate y(-13).
22
Let a(u) = 34*u**3 + 4*u**2 + 5*u + 4. What is a(-2)?
-262
Let j(n) = n**3 + 45*n**2 + 492*n - 44. Calculate j(-26).
8
Let g(y) = -2*y**2 - 61*y + 582. Calculate g(-38).
12
Let a(o) = 891*o + 2671. Calculate a(-3).
-2
Let l(f) = -f**3 - 38*f**2 + 4*f + 138. Calculate l(-38).
-14
Let q(s) = 793*s - 3152. Give q(4).
20
Let h(r) = -47*r**2 + 7*r. Calculate h(2).
-174
Let f(n) = -2*n**2 - 23*n + 87. Give f(5).
-78
Let u(h) = -2*h**3 + 11*h**2 + 27*h - 7. Calculate u(7).
35
Let n(i) = 15*i**2 + 74*i - 757. What is n(5)?
-12
Let r(a) = 9*a**2 + 73*a - 69. What is r(-9)?
3
Let m(a) = -a**3 - 10*a**2 - 28*a - 18. Calculate m(-8).
78
Let l(y) = -y**3 - y**2 + 6*y + 109. Calculate l(0).
109
Let m(z) = z**3 - 49*z**2 + 52*z - 190. Determine m(48).
2
Let r(w) = w**2 + 93*w + 1123. Calculate r(-15).
-47
Let p(z) = -7*z**2 + 564*z + 820. Determine p(82).
0
Let j(a) = -a**2 - 97*a + 6831. Give j(-144).
63
Let c(k) = -2165*k + 17314. Calculate c(8).
-6
Let j(g) = -g**2 + 21*g + 218. What is j(27)?
56
Let y(v) = -v**3 + 7*v**2 + 32*v + 25. What is y(-2)?
-3
Let c(a) = -a**3 + 28*a**2 - 25*a + 46. Give c(27).
100
Let t(l) = -24*l**3 - 240*l**2 - 7*l - 62. Give t(-10).
8
Let v(o) = o**2 + 180*o + 2218. What is v(-13)?
47
Let g(i) = -i**3 + 34*i**2 - 62*i - 105. Determine g(32).
-41
Let y(m) = 207*m + 11169. Determine y(-54).
-9
Let q(j) = -2*j**2 - 26*j + 9. Give q(-14).
-19
Let k(i) = -131*i + 406. Determine k(6).
-380
Let i(d) = 9*d**2 + 70*d + 23. Calculate i(-9).
122
Let l(x) = 13*x**3 + 131*x**2 + 3*x + 27. Give l(-10).
97
Let w(y) = y**3 - 8*y**2 + 4*y + 41. Calculate w(7).
20
Let v(i) = 77*i - 1196. Give v(15).
-41
Let q(n) = -n**3 - n + 88. Give q(0).
88
Let s(o) = 7*o - 42. Give s(-11).
-119
Let j(g) = -2*g**2 - 145*g - 1237. What is j(-62)?
65
Let r(s) = 3*s**2 - 108*s - 345. What is r(-3)?
6
Let c(z) = 210*z + 2937. Calculate c(-14).
-3
Let g(y) = -4*y**2 + 125*y + 75. Give g(32).
-21
Let o(m) = -11*m + 170. What is o(11)?
49
Let k(r) = -r**2 - 81*r - 813. Calculate k(-67).
125
Let a(z) = -3*z**2 + 137*z - 1074. Calculate a(10).
-4
Let o(u) = u**2 + 17*u + 79. Calculate o(-6).
13
Let g(x) = 33*x**2 + 152*x - 40. What is g(-5)?
25
Let y(c) = -455*c**2 - 3635*c + 30. What is y(-8)?
-10
Let p(u) = -3*u**2 - 14*u - 77. Calculate p(-6).
-101
Let u(z) = -1521*z + 10648. Give u(7).
1
Let t(x) = 24*x - 358. Calculate t(19).
98
Let p(q) = 6*q**2 + 39*q + 11. Determine p(-6).
-7
Let u(z) = z**2 - 260*z + 6907. What is u(30)?
7
Let y(u) = -29908*u - 239262. Determine y(-8).
2
Let s(f) = -74*f - 4003. What is s(-54)?
-7
Let a(v) = 32*v + 36. Determine a(10).
356
Let w(i) = -5586*i + 72620. Calculate w(13).
2
Let g(d) = -d**2 + 26*d - 32. Give g(19).
101
Let c(q) = -212*q - 217. Give c(-1).
-5
Let n(y) = y**3 - 15*y**2 + 31*y + 14. Give n(11).
-129
Let h(a) = -679*a - 23. What is h(0)?
-23
Let c(b) = -249*b**2 - 102*b + 101. What is c(1)?
-250
Let i(x) = -24*x - 8. Give i(-2).
40
Let r(s) = -2*s**3 + 45*s**2 + 22*s + 20. Determine r(23).
-3
Let q(s) = -10537*s - 21064. Calculate q(-2).
10
Let h(b) = -b**3 - 24*b**2 - 90*b + 34. Give h(-5).
9
Let w(j) = 450*j + 4078. Calculate w(-9).
28
Let n(z) = z**3 - 12*z**2 - 34*z + 102. Determine n(14).
18
Let s(m) = -m**3 + 3*m - 20. What is s(-3)?
-2
Let l(z) = -z**3 - 2*z**2 + 11*z + 22. Determine l(-5).
42
Let v(u) = 3*u - 1. Give v(-5).
-16
Let w(f) = 2*f**2 + 167*f + 1836. Give w(-13).
3
Let f(w) = -w**3 - 9*w**2 + 4*w + 66. Calculate f(-6).
-66
Let y(s) = -s**3 + 14*s**2 - 106*s + 1210. Determine y(13).
1
Let m(a) = -a**2 + 19*a + 149. Determine m(-11).
-181
Let o(j) = -29*j - 1. Calculate o(5).
-146
Let r(v) = -5*v**2 - 78*v + 34. Give r(-16).
2
Let x(g) = 7*g - 680. Determine x(81).
-113
Let v(o) = 22*o**3 - 8*o**2 - 16*o + 58. What is v(3)?
532
Let a(m) = 12*m**3 - 3*m**2 + 90*m - 89. Calculate a(1).
10
Let k(g) = 6*g**2 - 78*g - 180. Give k(14).
-96
Let u(q) = 3*q**2 - 104*q - 34. Give u(35).
1
Let z(f) = f**2 - 930*f + 10108. What is z(11)?
-1
Let q(r) = -r**3 + 19*r**2 - 63*r - 4. Determine q(15).
-49
Let m(b) = b**3 + 334*b**2 + 1966*b - 663. Determine m(-328).
-7
Let q(m) = m**2 - 38*m - 2471. Determine q(-36).
193
Let b(s) = -s**2 + 243*s + 989. Give b(-4).
1
Let q(n) = -148*n - 893. What is q(-6)?
-5
Let k(y) = 5*y**2 + 489*y + 849. What is k(-96)?
-15
Let r(i) = i**3 - 6*i**2 - 9*i - 43. What is r(10)?
267
Let q(j) = -2*j**3 + 444*j**2 - 432*j - 2203. What is q(221)?
7
Let k(w) = -w**2 - 102*w - 1057. Give k(-12).
23
Let j(t) = t**2 + t + 71. Calculate j(0).
71
Let m(d) = 2*d**3 + 9*d**2 + 7*d - 10. Determine m(-4).
-22
Let w(s) = s**2 + 39*s + 232. What is w(-10)?
-58
Let v(o) = -3*o**2 - 131*o + 2017. Calculate v(12).
13
Let j(s) = 2*s**2 + 77*s - 718. Calculate j(8).
26
Let p(q) = -2*q**2 - 12*q + 34. Calculate p(-12).
-110
Let u(d) = -d**2 - 12*d + 960. Give u(-37).
35
Let t(l) = -14*l**2 + 14*l - 17. Calculate t(1).
-17
Let a(q) = q**2 + 61*q + 558. Determine a(-12).
-30
Let l(d) = 18*d**2 + 27*d + 15. Calculate l(-3).
96
Let u(h) = -3*h**2 + 270*h - 4206. Give u